 - 266 - 130. Suppose -u = 2*u - p. Calculate the remainder when u is divided by 7.
5
Let t = -50 - -95. Suppose 4*k + 3 = a, 2*a + a + 15 = 0. What is the remainder when t is divided by 10/k + 22 + -5?
9
Suppose u - r - 35 = 0, -2*u - 70 = -5*u - 4*r. Calculate the remainder when 117 is divided by u.
27
What is the remainder when 94 is divided by -79*(-9)/12*8/6?
15
Suppose 0 = -3*u + 6, 0 = 4*y + 7*u - 4*u - 82. What is the remainder when 455 is divided by y?
18
Let j = -50 - -53. Suppose 14 = -j*k - 1, y - 50 = 5*k. What is the remainder when y is divided by 4?
1
Suppose -2*q = 5*o - 192, 10*q - 9*q - 116 = -3*o. Suppose 0 = 6*s - 454 - 20. What is the remainder when s is divided by o?
39
Let n = -148 - -165. Suppose -4*b + 9*b + 2*m - 337 = 0, 2*b = 4*m + 130. Calculate the remainder when b is divided by n.
16
Let b(n) = -2*n + 280. What is the remainder when b(-44) is divided by 10?
8
Let o be (-14)/(-35) + (-26)/(-10). Let h be o/6*-1*0. Suppose h = -13*w + 12*w + 14. What is the remainder when 55 is divided by w?
13
Let s(g) = -10*g - 14. What is the remainder when 47 is divided by s(-2)?
5
Let s = -664 - -687. Calculate the remainder when 62 is divided by s.
16
Suppose -10*l - 756 + 1256 = 0. What is the remainder when 235 is divided by l?
35
Let b(a) = -a**2 + 5*a + 2. Let p be b(5). Suppose c + p*w + 0*w = 6, -15 = -4*c - 5*w. What is the remainder when 23 is divided by (c - 13/2)*-2?
10
What is the remainder when 112 is divided by 2/8 - (1190/8)/(-5)?
22
Suppose 3*x + 4*d = 44, x - 3*d - 6 + 0 = 0. Let b(p) = -p**3 - 5*p**2 - 6*p - 8. What is the remainder when b(-5) is divided by x?
10
Suppose -2*d = 2*m - 118, -5*d + m + 277 = -0*m. Let r = 32 + -21. Suppose -3*t = -d + r. Calculate the remainder when 59 is divided by t.
14
Let s(k) be the second derivative of 2*k + 7/12*k**4 - 1/2*k**3 - 1/2*k**2 + 0 - 1/20*k**5. What is the remainder when s(4) is divided by 13?
9
Let a = -291 - -341. Let z(i) = -6*i**3 - 2*i - 3. Let c be z(-2). Let j = c - 31. What is the remainder when a is divided by j?
14
Suppose -55 = 12*c - 7*c. What is the remainder when 26 is divided by (c/(11/(-18)))/2?
8
Suppose 2*g - 31 = -21. Calculate the remainder when 15 is divided by g.
0
Suppose -53*a - 1946 = -167*a - 464. Let q(w) = -6*w**3 - 3*w**2 - w - 2. Calculate the remainder when q(-2) is divided by a.
10
Suppose 15 + 525 = 6*g. What is the remainder when g is divided by 54?
36
Let p = 311 - 302. What is the remainder when 239 is divided by p?
5
Let j = 347 - 328. What is the remainder when 27 is divided by j?
8
Let l(k) = 4*k + 0*k - 2*k + 6*k - 11. Calculate the remainder when l(4) is divided by 4.
1
What is the remainder when 122 is divided by -8 + 14 + 10 + 2/1?
14
Suppose -35*z = 6*z - 23493. Calculate the remainder when z is divided by 32.
29
What is the remainder when (225/(-10))/5*-26 is divided by 8?
5
Let a = -207 - -788. Calculate the remainder when a is divided by 73.
70
Let b(t) = -3*t - 2. Let f be b(-6). Let u = -10 + f. Let o(z) = -19*z - 167. Calculate the remainder when o(-10) is divided by u.
5
Suppose -2*o - y + 3 = -o, -5*o + 4*y = -24. Calculate the remainder when 73 is divided by (-2)/(6/(-111)) - o/(-4).
35
Suppose 5*k + 0*k - 545 = -5*u, -543 = -5*k - 4*u. Calculate the remainder when k is divided by 22.
19
Suppose 13*o - 4*o - 18 = 0. Suppose x + 0*x + o*n = 149, 5*x = -3*n + 773. Calculate the remainder when x is divided by 20.
17
Let g = -1078 + 1210. Suppose o = 3*l + 45, -3*l + 0*l = o - 45. What is the remainder when g is divided by o?
42
What is the remainder when 142 is divided by (3 + -9)*-2*(-3)/(-2)?
16
Suppose -2*l - 3*h + 9 = 2*h, 0 = 3*h - 3. Calculate the remainder when l is divided by 2.
0
What is the remainder when (60/70)/((-2)/(-322)) is divided by 47?
44
Let u = 103 - 74. What is the remainder when u is divided by (-11)/(-4) + -2 + 1271/124?
7
Suppose -3*h = t - 2*t + 19, 2*t - 2 = 0. Suppose -7*w + 61 + 9 = 0. What is the remainder when 141*(4/h - -1) is divided by w?
7
Suppose -f - 25 = 5*p, -5*f - 2*p - 24 = 9. What is the remainder when (f/(20/(-176)))/2 is divided by (-1 + -7)*(-3)/4?
4
Let g be 168/(-20) - 4/(-10). Suppose -11*a + 48 = -10*a. What is the remainder when a is divided by (-2)/(-4) + (-196)/g?
23
Let s be 6/24 + 150/8. Suppose s + 23 = 6*k. What is the remainder when 23 is divided by k?
2
Let i(q) = -4*q + 2. Let h be i(-8). Let o = h + 47. What is the remainder when o is divided by 28?
25
Calculate the remainder when 232 is divided by (-39)/(-7) - (-36)/(-63).
2
Let w(c) = -3*c - 7. Let x be w(-4). Suppose -r + i = 0, -3*i = x*r - r - 14. What is the remainder when 4 is divided by r?
0
Suppose 2*t = -4*u, 4*u + 4*t - t = 0. Suppose u = -2*z - 3*z + 80. What is the remainder when 60 is divided by z?
12
Let t = 10 - 8. Let p = t + 0. Suppose 0*m - p*m + 68 = 0. What is the remainder when m is divided by 9?
7
Suppose 3*m + 30 = 3*n, -2*m + 18 = 5*n + m. Suppose 6 + n = 2*d. Suppose -d*w + 296 - 2 = 0. What is the remainder when w is divided by 17?
15
Let x(c) = 2*c**3 - 2*c**2 - 16*c + 23. Calculate the remainder when x(6) is divided by 75.
62
Let z(o) = o**3 - 2*o**2 - o + 29. Suppose -2*t - 4*c - 8 = 3*t, -4*t - 4*c - 8 = 0. What is the remainder when 113 is divided by z(t)?
26
Let w = -447 - -466. Calculate the remainder when w is divided by 4.
3
Suppose 3*l - 13 = -5*n, -l - 33 = -5*n + l. Let w(d) = 21*d + 1. What is the remainder when w(n) is divided by (-18)/(-10)*(2 - -13)?
25
Suppose -3*z - 2*p + 152 = 2*p, -5*p - 182 = -4*z. Let t = z + 29. Calculate the remainder when t is divided by 20.
17
Let h = -795 + 813. What is the remainder when 106 is divided by h?
16
Calculate the remainder when (-6)/8*3*-124 is divided by 24.
15
Suppose c - 4*n + 17 = 0, 0 = -5*c - n + 5*n - 5. Calculate the remainder when 28 is divided by c.
1
Let m(x) be the first derivative of 3*x**2/2 + 13*x - 17. Suppose 3*o - 2*a - 206 = -o, -5 = a. Calculate the remainder when o is divided by m(0).
10
Suppose 40*u = 65*u - 200. Calculate the remainder when 22 is divided by u.
6
Let w(h) = h**2 - 6*h + 11. Let l be w(5). Suppose -l*z + z + 105 = 0. Calculate the remainder when z is divided by 9.
3
Suppose w - 6*w - 5*f = -200, 3*f - 157 = -4*w. Suppose -13 = -2*v + 9. What is the remainder when w is divided by (v - -4) + -4 + 2?
11
Suppose -2*s + 6 = -4. Suppose 30 = s*z + 2*t, 3*z - 9 = -2*t + 9. What is the remainder when 29 is divided by z?
5
Calculate the remainder when 404 is divided by 140/2 - 8/(-56)*-14.
64
Let n(c) = -7*c - 118. What is the remainder when n(-30) is divided by 36?
20
Let u(s) = -3*s**2 - 12*s + 12. Let m be u(-5). Calculate the remainder when 39 is divided by 79/4 + m*2/(-24).
19
Let x(h) = 5*h - 3*h - h - 2*h - 9. What is the remainder when 31 is divided by x(-17)?
7
Suppose 0 = 5*o - 185 - 90. Suppose 302 = 13*h + o. Calculate the remainder when 150 is divided by h.
17
Suppose 472 = 106*q - 1224. What is the remainder when 382 is divided by q?
14
Let c(a) = -151*a**3 + 2*a**2 + 2*a + 1. Let l be c(-1). Suppose -10 = -t - t. Suppose l = -m + t*m. What is the remainder when m is divided by 13?
12
Let r = 68 + -36. Suppose -2*g + r + 52 = 0. Let u = 12 - -3. Calculate the remainder when g is divided by u.
12
Calculate the remainder when 55 is divided by (4 - -56)/3*1.
15
Suppose -3*o = 2*o + 5, -2*m = o + 217. Let p be (0 - 5*-1) + 1. What is the remainder when (28/p)/((-24)/m) is divided by 11?
10
Suppose 2 = -2*f + 12. Suppose 4*i - 5*i = f*j - 265, -235 = -5*j + 5*i. Calculate the remainder when j is divided by 9.
7
What is the remainder when (-1107)/(-6) + (-1)/(-2) is divided by 48?
41
Suppose -10*p - 3 = -43. Suppose -p*o - 89 = -313. Calculate the remainder when o is divided by 15.
11
Let g(s) = s**2 + 7*s. Let b be g(-5). Let k = b - -19. What is the remainder when 16 is divided by k?
7
Suppose -2*g + 50 = -l + 19, 0 = -2*g + 2*l + 32. Let f be (2 + -3 + 0)*-18. Suppose -c = c - 3*r - f, -2 = r. What is the remainder when g is divided by c?
3
Let i(h) = -2*h**3 - 2*h**3 + 3*h**3 - 9*h**2 - 12 - 5*h. Let o(v) = 26*v**2 + 226*v - 8. Calculate the remainder when o(-9) is divided by i(-9).
31
Suppose 113 = 2*g - 3*s, 5*g + 4*s - 79 = 146. Calculate the remainder when 440 is divided 